{"id":1067,"date":"2024-05-17T16:42:13","date_gmt":"2024-05-17T15:42:13","guid":{"rendered":"https:\/\/www.magesz.hu\/?page_id=1067"},"modified":"2026-02-27T16:17:48","modified_gmt":"2026-02-27T16:17:48","slug":"acelszerkezetek","status":"publish","type":"page","link":"https:\/\/magesz.hu\/?page_id=1067","title":{"rendered":"Ac\u00e9lszerkezetek"},"content":{"rendered":"<p><div class=\"wp-block-pdfemb-pdf-embedder-viewer\"><a href=\"https:\/\/magesz.hu\/wp-content\/acelszerkezetek\/aszerk2502.pdf\" class=\"pdfemb-viewer\" style=\"\" data-width=\"max\" data-height=\"max\" data-toolbar=\"bottom\" data-toolbar-fixed=\"off\">aszerk2502<\/a><\/div><br \/>\nKor\u00e1bbi kiad\u00e1sok:<\/p>\n<table>\n<tbody>\n<tr>\n<td><\/td>\n<td><a href=\"http:\/\/magesz.hu\/wp-content\/acelszerkezetek\/aszerk2501.pdf\">Ac\u00e9lszerkezetek 2025 1.<\/a><\/td>\n<td><a href=\"http:\/\/magesz.hu\/wp-content\/acelszerkezetek\/aszerk2404.pdf\">Ac\u00e9lszerkezetek 2024 4.<\/a><\/td>\n<\/tr>\n<tr>\n<td><a href=\"http:\/\/magesz.hu\/wp-content\/acelszerkezetek\/aszerk2403.pdf\">Ac\u00e9lszerkezetek 2024 3.<\/a><\/td>\n<td><a href=\"http:\/\/magesz.hu\/wp-content\/acelszerkezetek\/aszerk2402.pdf\">Ac\u00e9lszerkezetek 2024 2.<\/a><\/td>\n<td><a href=\"http:\/\/magesz.hu\/wp-content\/acelszerkezetek\/aszerk2401.pdf\">Ac\u00e9lszerkezetek 2024 1.<\/a><\/td>\n<\/tr>\n<tr>\n<td><a href=\"http:\/\/magesz.hu\/wp-content\/acelszerkezetek\/aszerk2304.pdf\">Ac\u00e9lszerkezetek 2023 4.<\/a><\/td>\n<td><a href=\"http:\/\/magesz.hu\/wp-content\/acelszerkezetek\/aszerk2303.pdf\">Ac\u00e9lszerkezetek 2023 3.<\/a><\/td>\n<td><a href=\"http:\/\/magesz.hu\/wp-content\/acelszerkezetek\/aszerk2302.pdf\">Ac\u00e9lszerkezetek 2023 2.<\/a><\/td>\n<\/tr>\n<tr>\n<td><a href=\"http:\/\/magesz.hu\/wp-content\/acelszerkezetek\/aszerk2301.pdf\">Ac\u00e9lszerkezetek 2023 1.<\/a><\/td>\n<td><a href=\"http:\/\/magesz.hu\/wp-content\/acelszerkezetek\/aszerk2204.pdf\">Ac\u00e9lszerkezetek 2022 4.<\/a><\/td>\n<td><a href=\"http:\/\/magesz.hu\/wp-content\/acelszerkezetek\/aszerk2202kulonszam.pdf\">Ac\u00e9lszerkezetek 2022 k\u00fcl\u00f6nsz\u00e1m<\/a><\/td>\n<\/tr>\n<tr>\n<td><a href=\"http:\/\/magesz.hu\/wp-content\/acelszerkezetek\/aszerk2202.pdf\">Ac\u00e9lszerkezetek 2022 2.<\/a><\/td>\n<td><a href=\"http:\/\/magesz.hu\/wp-content\/acelszerkezetek\/aszerk2201.pdf\">Ac\u00e9lszerkezetek 2022 1.<\/a><\/td>\n<td><a href=\"http:\/\/magesz.hu\/wp-content\/acelszerkezetek\/aszerk2104.pdf\">Ac\u00e9lszerkezetek 2021 4.<\/a><\/td>\n<\/tr>\n<tr>\n<td><a href=\"http:\/\/magesz.hu\/wp-content\/acelszerkezetek\/aszerk2103.pdf\">Ac\u00e9lszerkezetek 2021 3.<\/a><\/td>\n<td><a href=\"http:\/\/magesz.hu\/wp-content\/acelszerkezetek\/aszerk2102.pdf\">Ac\u00e9lszerkezetek 2021 2.<\/a><\/td>\n<td><a href=\"http:\/\/magesz.hu\/wp-content\/acelszerkezetek\/aszerk2101.pdf\">Ac\u00e9lszerkezetek 2021 1.<\/a><\/td>\n<\/tr>\n<tr>\n<td><a href=\"http:\/\/magesz.hu\/wp-content\/acelszerkezetek\/aszerk2004.pdf\">Ac\u00e9lszerkezetek 2020 4.<\/a><\/td>\n<td><a href=\"http:\/\/magesz.hu\/wp-content\/acelszerkezetek\/aszerk200203.pdf\">Ac\u00e9lszerkezetek 2020 2.-3.<\/a><\/td>\n<td><a href=\"http:\/\/magesz.hu\/wp-content\/acelszerkezetek\/aszerk2001.pdf\">Ac\u00e9lszerkezetek 2020 1.<\/a><\/td>\n<\/tr>\n<tr>\n<td><a href=\"http:\/\/magesz.hu\/wp-content\/acelszerkezetek\/aszerk1904.pdf\">Ac\u00e9lszerkezetek 2019 4.<\/a><\/td>\n<td><a href=\"http:\/\/magesz.hu\/wp-content\/acelszerkezetek\/aszerk1903.pdf\">Ac\u00e9lszerkezetek 2019 3.<\/a><\/td>\n<td><a href=\"http:\/\/magesz.hu\/wp-content\/acelszerkezetek\/aszerk1902.pdf\">Ac\u00e9lszerkezetek 2019 2.<\/a><\/td>\n<\/tr>\n<tr>\n<td><a href=\"http:\/\/magesz.hu\/wp-content\/acelszerkezetek\/aszerk1901.pdf\">Ac\u00e9lszerkezetek 2019 1.<\/a><\/td>\n<td><a href=\"http:\/\/magesz.hu\/wp-content\/acelszerkezetek\/aszerk1804.pdf\">Ac\u00e9lszerkezetek 2018 4.<\/a><\/td>\n<td><a href=\"http:\/\/magesz.hu\/wp-content\/acelszerkezetek\/aszerk180203.pdf\">Ac\u00e9lszerkezetek 2018 2.-3.<\/a><\/td>\n<\/tr>\n<tr>\n<td><a href=\"http:\/\/magesz.hu\/wp-content\/acelszerkezetek\/aszerk1801.pdf\">Ac\u00e9lszerkezetek 2018 1.<\/a><\/td>\n<td><a href=\"http:\/\/magesz.hu\/wp-content\/acelszerkezetek\/aszerk1704.pdf\">Ac\u00e9lszerkezetek 2017 4.<\/a><\/td>\n<td><a href=\"http:\/\/magesz.hu\/wp-content\/acelszerkezetek\/aszerk1703.pdf\">Ac\u00e9lszerkezetek 2017 3.<\/a><\/td>\n<\/tr>\n<tr>\n<td><a href=\"http:\/\/magesz.hu\/wp-content\/acelszerkezetek\/aszerk1702.pdf\">Ac\u00e9lszerkezetek 2017 2.<\/a><\/td>\n<td><a href=\"http:\/\/magesz.hu\/wp-content\/acelszerkezetek\/aszerk1701.pdf\">Ac\u00e9lszerkezetek 2017 1.<\/a><\/td>\n<td><a href=\"http:\/\/magesz.hu\/wp-content\/acelszerkezetek\/aszerk1604.pdf\">Ac\u00e9lszerkezetek 2016 4.<\/a><\/td>\n<\/tr>\n<tr>\n<td><a href=\"http:\/\/magesz.hu\/wp-content\/acelszerkezetek\/aszerk1603.pdf\">Ac\u00e9lszerkezetek 2016 3.<\/a><\/td>\n<td><a href=\"http:\/\/magesz.hu\/wp-content\/acelszerkezetek\/aszerk1602.pdf\">Ac\u00e9lszerkezetek 2016 2.<\/a><\/td>\n<td><a href=\"http:\/\/magesz.hu\/wp-content\/acelszerkezetek\/aszerk1601.pdf\">Ac\u00e9lszerkezetek 2016 1.<\/a><\/td>\n<\/tr>\n<tr>\n<td><a href=\"http:\/\/magesz.hu\/wp-content\/acelszerkezetek\/aszerk1504.pdf\">Ac\u00e9lszerkezetek 2015 4.<\/a><\/td>\n<td><a href=\"http:\/\/magesz.hu\/wp-content\/acelszerkezetek\/aszerk1503.pdf\">Ac\u00e9lszerkezetek 2015 3.<\/a><\/td>\n<td><a href=\"http:\/\/magesz.hu\/wp-content\/acelszerkezetek\/aszerk1502.pdf\">Ac\u00e9lszerkezetek 2015 2.<\/a><\/td>\n<\/tr>\n<tr>\n<td><a href=\"http:\/\/magesz.hu\/wp-content\/acelszerkezetek\/aszerk1501kulonszam.pdf\">Ac\u00e9lszerkezetek 2015 k\u00fcl\u00f6nsz\u00e1m<\/a><\/td>\n<td><a href=\"http:\/\/magesz.hu\/wp-content\/acelszerkezetek\/aszerk1501.pdf\">Ac\u00e9lszerkezetek 2015 1.<\/a><\/td>\n<td><a href=\"http:\/\/magesz.hu\/wp-content\/acelszerkezetek\/aszerk1404.pdf\">Ac\u00e9lszerkezetek 2014 4.<\/a><\/td>\n<\/tr>\n<tr>\n<td><a href=\"http:\/\/magesz.hu\/wp-content\/acelszerkezetek\/aszerk1403.pdf\">Ac\u00e9lszerkezetek 2014 3.<\/a><\/td>\n<td><a href=\"http:\/\/magesz.hu\/wp-content\/acelszerkezetek\/aszerk1402.pdf\">Ac\u00e9lszerkezetek 2014 2.<\/a><\/td>\n<td><a href=\"http:\/\/magesz.hu\/wp-content\/acelszerkezetek\/aszerk1401.pdf\">Ac\u00e9lszerkezetek 2014 1.<\/a><\/td>\n<\/tr>\n<tr>\n<td><a href=\"http:\/\/magesz.hu\/wp-content\/acelszerkezetek\/aszerk1304.pdf\">Ac\u00e9lszerkezetek 2013 4.<\/a><\/td>\n<td><a href=\"http:\/\/magesz.hu\/wp-content\/acelszerkezetek\/aszerk1303.pdf\">Ac\u00e9lszerkezetek 2013 3.<\/a><\/td>\n<td><a href=\"http:\/\/magesz.hu\/wp-content\/acelszerkezetek\/aszerk1302.pdf\">Ac\u00e9lszerkezetek 2013 2.<\/a><\/td>\n<\/tr>\n<tr>\n<td><a href=\"http:\/\/magesz.hu\/wp-content\/acelszerkezetek\/aszerk1301.pdf\">Ac\u00e9lszerkezetek 2013 1.<\/a><\/td>\n<td><a href=\"http:\/\/magesz.hu\/wp-content\/acelszerkezetek\/aszerk1204.pdf\">Ac\u00e9lszerkezetek 2012 4.<\/a><\/td>\n<td><a href=\"http:\/\/magesz.hu\/wp-content\/acelszerkezetek\/aszerk1203.pdf\">Ac\u00e9lszerkezetek 2012 3.<\/a><\/td>\n<\/tr>\n<tr>\n<td><a href=\"http:\/\/magesz.hu\/wp-content\/acelszerkezetek\/aszerk1202.pdf\">Ac\u00e9lszerkezetek 2012 2.<\/a><\/td>\n<td><a href=\"http:\/\/magesz.hu\/wp-content\/acelszerkezetek\/aszerk1201.pdf\">Ac\u00e9lszerkezetek 2012 1.<\/a><\/td>\n<td><a href=\"http:\/\/magesz.hu\/wp-content\/acelszerkezetek\/aszerk1104.pdf\">Ac\u00e9lszerkezetek 2011 4.<\/a><\/td>\n<\/tr>\n<tr>\n<td><a href=\"http:\/\/magesz.hu\/wp-content\/acelszerkezetek\/aszerk1103.pdf\">Ac\u00e9lszerkezetek 2011 3.<\/a><\/td>\n<td><a href=\"http:\/\/magesz.hu\/wp-content\/acelszerkezetek\/aszerk1102.pdf\">Ac\u00e9lszerkezetek 2011 2.<\/a><\/td>\n<td><a href=\"http:\/\/magesz.hu\/wp-content\/acelszerkezetek\/aszerk1101.pdf\">Ac\u00e9lszerkezetek 2011 1.<\/a><\/td>\n<\/tr>\n<tr>\n<td><a href=\"http:\/\/magesz.hu\/wp-content\/acelszerkezetek\/aszerk1004.pdf\">Ac\u00e9lszerkezetek 2010 4.<\/a><\/td>\n<td><a href=\"http:\/\/magesz.hu\/wp-content\/acelszerkezetek\/aszerk1003.pdf\">Ac\u00e9lszerkezetek 2010 3.<\/a><\/td>\n<td><a href=\"http:\/\/magesz.hu\/wp-content\/acelszerkezetek\/aszerk1002.pdf\">Ac\u00e9lszerkezetek 2010 2.<\/a><\/td>\n<\/tr>\n<tr>\n<td><a href=\"http:\/\/magesz.hu\/wp-content\/acelszerkezetek\/aszerk1001.pdf\">Ac\u00e9lszerkezetek 2010 1.<\/a><\/td>\n<td><a href=\"http:\/\/magesz.hu\/wp-content\/acelszerkezetek\/aszerk0904.pdf\">Ac\u00e9lszerkezetek 2009 4.<\/a><\/td>\n<td><a href=\"http:\/\/magesz.hu\/wp-content\/acelszerkezetek\/aszerk0903.pdf\">Ac\u00e9lszerkezetek 2009 3.<\/a><\/td>\n<\/tr>\n<tr>\n<td><a href=\"http:\/\/magesz.hu\/wp-content\/acelszerkezetek\/aszerk0902.pdf\">Ac\u00e9lszerkezetek 2009 2.<\/a><\/td>\n<td><a href=\"http:\/\/magesz.hu\/wp-content\/acelszerkezetek\/aszerk0901.pdf\">Ac\u00e9lszerkezetek 2009 1.<\/a><\/td>\n<td><a href=\"http:\/\/magesz.hu\/wp-content\/acelszerkezetek\/aszerk0804kulonszam.pdf\">Ac\u00e9lszerkezetek 2008 k\u00fcl\u00f6nsz\u00e1m<\/a><\/td>\n<\/tr>\n<tr>\n<td><a href=\"http:\/\/magesz.hu\/wp-content\/acelszerkezetek\/aszerk0804.pdf\">Ac\u00e9lszerkezetek 2008 4.<\/a><\/td>\n<td><a href=\"http:\/\/magesz.hu\/wp-content\/acelszerkezetek\/aszerk0803.pdf\">Ac\u00e9lszerkezetek 2008 3.<\/a><\/td>\n<td><a href=\"http:\/\/magesz.hu\/wp-content\/acelszerkezetek\/aszerk0802.pdf\">Ac\u00e9lszerkezetek 2008 2.<\/a><\/td>\n<\/tr>\n<tr>\n<td><a href=\"http:\/\/magesz.hu\/wp-content\/acelszerkezetek\/aszerk0801.pdf\">Ac\u00e9lszerkezetek 2008 1.<\/a><\/td>\n<td><a href=\"http:\/\/magesz.hu\/wp-content\/acelszerkezetek\/aszerk0704.pdf\">Ac\u00e9lszerkezetek 2007 4.<\/a><\/td>\n<td><a href=\"http:\/\/magesz.hu\/wp-content\/acelszerkezetek\/aszerk0703.pdf\">Ac\u00e9lszerkezetek 2007 3.<\/a><\/td>\n<\/tr>\n<tr>\n<td><a href=\"http:\/\/magesz.hu\/wp-content\/acelszerkezetek\/aszerk0702.pdf\">Ac\u00e9lszerkezetek 2007 2.<\/a><\/td>\n<td><a href=\"http:\/\/magesz.hu\/wp-content\/acelszerkezetek\/aszerk0701.pdf\">Ac\u00e9lszerkezetek 2007 1.<\/a><\/td>\n<td><a href=\"http:\/\/magesz.hu\/wp-content\/acelszerkezetek\/aszerk0604.pdf\">Ac\u00e9lszerkezetek 2006 4.<\/a><\/td>\n<\/tr>\n<tr>\n<td><a href=\"http:\/\/magesz.hu\/wp-content\/acelszerkezetek\/aszerk0603.pdf\">Ac\u00e9lszerkezetek 2006 3.<\/a><\/td>\n<td><a href=\"http:\/\/magesz.hu\/wp-content\/acelszerkezetek\/aszerk0602.pdf\">Ac\u00e9lszerkezetek 2006 2.<\/a><\/td>\n<td><a href=\"http:\/\/magesz.hu\/wp-content\/acelszerkezetek\/aszerk0601.pdf\">Ac\u00e9lszerkezetek 2006 1.<\/a><\/td>\n<\/tr>\n<tr>\n<td><a href=\"http:\/\/magesz.hu\/wp-content\/acelszerkezetek\/aszerk0504.pdf\">Ac\u00e9lszerkezetek 2005 4.<\/a><\/td>\n<td><a href=\"http:\/\/magesz.hu\/wp-content\/acelszerkezetek\/aszerk0503.pdf\">Ac\u00e9lszerkezetek 2005 3.<\/a><\/td>\n<td><a href=\"http:\/\/magesz.hu\/wp-content\/acelszerkezetek\/aszerk0502.pdf\">Ac\u00e9lszerkezetek 2005 2.<\/a><\/td>\n<\/tr>\n<tr>\n<td><a href=\"http:\/\/magesz.hu\/wp-content\/acelszerkezetek\/aszerk0501.pdf\">Ac\u00e9lszerkezetek 2005 1.<\/a><\/td>\n<\/tr>\n<\/tbody>\n<\/table>\n","protected":false},"excerpt":{"rendered":"<p>Kor\u00e1bbi kiad\u00e1sok: Ac\u00e9lszerkezetek 2025 1. Ac\u00e9lszerkezetek 2024 4. Ac\u00e9lszerkezetek 2024 3. Ac\u00e9lszerkezetek 2024 2. Ac\u00e9lszerkezetek 2024 1. Ac\u00e9lszerkezetek 2023 4. Ac\u00e9lszerkezetek 2023 3. Ac\u00e9lszerkezetek 2023 2. Ac\u00e9lszerkezetek 2023 1. Ac\u00e9lszerkezetek 2022 4. Ac\u00e9lszerkezetek 2022 k\u00fcl\u00f6nsz\u00e1m Ac\u00e9lszerkezetek 2022 2. Ac\u00e9lszerkezetek 2022&hellip; <\/p>\n","protected":false},"author":2,"featured_media":0,"parent":9,"menu_order":0,"comment_status":"closed","ping_status":"closed","template":"","meta":{"footnotes":""},"class_list":["post-1067","page","type-page","status-publish","hentry"],"_links":{"self":[{"href":"https:\/\/magesz.hu\/index.php?rest_route=\/wp\/v2\/pages\/1067","targetHints":{"allow":["GET"]}}],"collection":[{"href":"https:\/\/magesz.hu\/index.php?rest_route=\/wp\/v2\/pages"}],"about":[{"href":"https:\/\/magesz.hu\/index.php?rest_route=\/wp\/v2\/types\/page"}],"author":[{"embeddable":true,"href":"https:\/\/magesz.hu\/index.php?rest_route=\/wp\/v2\/users\/2"}],"replies":[{"embeddable":true,"href":"https:\/\/magesz.hu\/index.php?rest_route=%2Fwp%2Fv2%2Fcomments&post=1067"}],"version-history":[{"count":2,"href":"https:\/\/magesz.hu\/index.php?rest_route=\/wp\/v2\/pages\/1067\/revisions"}],"predecessor-version":[{"id":1303,"href":"https:\/\/magesz.hu\/index.php?rest_route=\/wp\/v2\/pages\/1067\/revisions\/1303"}],"up":[{"embeddable":true,"href":"https:\/\/magesz.hu\/index.php?rest_route=\/wp\/v2\/pages\/9"}],"wp:attachment":[{"href":"https:\/\/magesz.hu\/index.php?rest_route=%2Fwp%2Fv2%2Fmedia&parent=1067"}],"curies":[{"name":"wp","href":"https:\/\/api.w.org\/{rel}","templated":true}]}}